{"id":722,"date":"2022-05-12T21:52:24","date_gmt":"2022-05-12T19:52:24","guid":{"rendered":"http:\/\/cabaretwallon.be\/?page_id=722"},"modified":"2025-06-30T16:11:07","modified_gmt":"2025-06-30T14:11:07","slug":"reglement-concours-prayez-2","status":"publish","type":"page","link":"https:\/\/cabaretwallon.be\/index.php\/reglement-concours-prayez-2\/","title":{"rendered":"R\u00e9glement Concours Prayez"},"content":{"rendered":"\t\t<div data-elementor-type=\"wp-page\" data-elementor-id=\"722\" class=\"elementor elementor-722\">\n\t\t\t\t\t\t<section class=\"elementor-section elementor-top-section elementor-element elementor-element-2de086c9 elementor-section-boxed elementor-section-height-default elementor-section-height-default\" data-id=\"2de086c9\" data-element_type=\"section\" data-e-type=\"section\">\n\t\t\t\t\t\t<div class=\"elementor-container elementor-column-gap-default\">\n\t\t\t\t\t<div class=\"elementor-column elementor-col-100 elementor-top-column elementor-element elementor-element-66a2d12b\" data-id=\"66a2d12b\" data-element_type=\"column\" data-e-type=\"column\">\n\t\t\t<div class=\"elementor-widget-wrap elementor-element-populated\">\n\t\t\t\t\t\t<div class=\"elementor-element elementor-element-1686d223 elementor-widget elementor-widget-text-editor\" data-id=\"1686d223\" data-element_type=\"widget\" data-e-type=\"widget\" data-widget_type=\"text-editor.default\">\n\t\t\t\t<div class=\"elementor-widget-container\">\n\t\t\t\t\t\t\t\t\t<p style=\"margin: 6pt 0cm; text-align: left;\" align=\"center\"><span style=\"color: red; font-family: Arial, sans-serif; font-size: 12pt; text-align: center; font-weight: var( --e-global-typography-text-font-weight );\">&nbsp;<\/span><\/p>\n<p><span style=\"color: #ff0000;\">La Royale Compagnie du Cabaret Wallon Tournaisien organise, du 15 mai au 15 Ao\u00fbt 2025, le&nbsp;93 \u00e8me &nbsp;Concours Adolphe PRAYEZ.<\/span><br><span style=\"color: #ff0000;\">Cette session sera d\u00e9di\u00e9e \u00e0 Eug\u00e8ne LANDRIEU<\/span><\/p>\n<p>_________________________________________________________________________<\/p>\n<p>____________________________________<\/p>\n<p>&#8211;&nbsp;REGLEMENT&nbsp;&#8211;<br>Pour honorer le souvenir d&rsquo;un de ses plus illustres fondateurs, la Royale Compagnie du Cabaret Wallon Tournaisien organise, depuis 1927(*) un concours annuel de litt\u00e9rature patoisante tournaisienne intitul\u00e9 ; \u00ab\u00a0Concours Adolphe Prayez\u00a0\u00bb. En outre, ce concours a pour but la promotion de notre belle langue&nbsp; picarde tournaisienne.&nbsp;<\/p>\n<p>Pour ce faire, les \u0153uvres doivent donc \u00eatre pr\u00e9sent\u00e9es en <strong>picard tournaisien<\/strong>.<\/p>\n<p>Ce concours se scinde en deux divisions&nbsp;:<br>1. Le concours d\u2019\u00e9criture<br>2. Le concours d\u2019interpr\u00e9tation<\/p>\n<p>En pr\u00e9ambule de ce concours et afin de vous aider, nous vous invitons \u00e0 respecter les&nbsp;r\u00e8gles d\u2019\u00e9criture disponibles sur notre site Internet https:\/\/cabaretwallon.be &gt; onglet \u00ab&nbsp;devenir chansonnier&nbsp;\u00bb &gt; r\u00e8gles d\u2019\u00e9criture<\/p>\n<p>&#8211;&nbsp;<strong><span style=\"color: #ff0000;\">DIVISION I&nbsp;: Concours LITTERAIRE ou Concours D\u2019ECRITURE<\/span>&nbsp;&#8211;<\/strong><\/p>\n<p>Il est ouvert \u00e0 toutes et \u00e0 tous, y compris les anciens laur\u00e9ats (sauf anciens ou actuels&nbsp;Compagnons de la Royale Compagnie du Cabaret Wallon),&nbsp; &nbsp; &nbsp; &nbsp; &nbsp;premiers ou autres, des&nbsp;Concours Prayez ant\u00e9rieurs. Le candidat pr\u00e9sentera des \u0153uvres originales n\u2019ayant jamais&nbsp;\u00e9t\u00e9 publi\u00e9es ou pr\u00e9sent\u00e9es en public.<br><span style=\"color: var( --e-global-color-text ); font-family: var( --e-global-typography-text-font-family ), Sans-serif; font-weight: var( --e-global-typography-text-font-weight );\"><br><\/span><\/p>\n<p><span style=\"color: var( --e-global-color-text ); font-family: var( --e-global-typography-text-font-family ), Sans-serif; font-weight: var( --e-global-typography-text-font-weight );\">Cette division comporte trois cat\u00e9gories&nbsp;:<\/span><\/p>\n<p><span style=\"color: var( --e-global-color-text ); font-family: var( --e-global-typography-text-font-family ), Sans-serif; font-weight: var( --e-global-typography-text-font-weight );\">&nbsp;CATEGORIE A : CHANSONS<\/span><\/p>\n<p><span style=\"color: var( --e-global-color-text ); font-family: var( --e-global-typography-text-font-family ), Sans-serif; font-weight: var( --e-global-typography-text-font-weight );\">Les concurrents n\u2019oublieront pas de joindre obligatoirement, \u00e0 leur envoi, sous peine d&rsquo;<\/span><span style=\"color: var( --e-global-color-text ); font-family: var( --e-global-typography-text-font-family ), Sans-serif; font-weight: var( --e-global-typography-text-font-weight );\">irrecevabilit\u00e9, la partition musicale (ligne m\u00e9lodique avec le texte original sous les notes et&nbsp;<\/span><span style=\"color: var( --e-global-color-text ); font-family: var( --e-global-typography-text-font-family ), Sans-serif; font-weight: var( --e-global-typography-text-font-weight );\">au moins les accords indiqu\u00e9s) dont ils se sont inspir\u00e9s pour \u00e9crire leur chanson. Une&nbsp;<\/span><span style=\"color: var( --e-global-color-text ); font-family: var( --e-global-typography-text-font-family ), Sans-serif; font-weight: var( --e-global-typography-text-font-weight );\">tablature n\u2019est donc pas accept\u00e9e. Nous sommes pr\u00eats \u00e0 vous aider dans la recherche de&nbsp;<\/span><span style=\"color: var( --e-global-color-text ); font-family: var( --e-global-typography-text-font-family ), Sans-serif; font-weight: var( --e-global-typography-text-font-weight );\">la partition. Pour ce, reportez-vous \u00e0 la page 4 \u2013 Renseignements\/contacts. Il faudra joindre \u00e9galement les paroles de la chanson originale, afin de v\u00e9rifier le respect de l&rsquo;ordre des rimes f\u00e9minines et masculines.<\/span><\/p>\n<p><strong>Le laur\u00e9at qui obtiendra le 1er prix se verra octroyer le Prix Jean-Pierre VERBEKE.<\/strong><\/p>\n<p>(*) Le Concours a connu une interruption durant la seconde guerre mondiale, ce qui explique qu&rsquo;en 2024 il n&rsquo;en est qu&rsquo;\u00e0 sa 92\u00e8me \u00e9dition.<\/p>\n<p>CATEGORIE B : POEMES<br><span style=\"color: var( --e-global-color-text ); font-family: var( --e-global-typography-text-font-family ), Sans-serif; font-weight: var( --e-global-typography-text-font-weight );\"><br><\/span><\/p>\n<p><span style=\"color: var( --e-global-color-text ); font-family: var( --e-global-typography-text-font-family ), Sans-serif; font-weight: var( --e-global-typography-text-font-weight );\">C&rsquo;est-\u00e0-dire pi\u00e8ce en vers \u00ab\u00a0d&rsquo;inspiration po\u00e9tique\u00a0\u00bb. Pour \u00eatre recevable, le texte doit&nbsp;imp\u00e9rativement observer les r\u00e8gles suivantes&nbsp;:<\/span><\/p>\n<p>&#8211; le respect du nombre de pieds de vers.<br>&#8211; l\u2019alternance des rimes f\u00e9minines et masculines (les r\u00e8gles d\u2019\u00e9criture peuvent vous aider)<br>&#8211; Ce texte ne peut d\u00e9passer les 72 vers, et respectera les r\u00e8gles d\u2019\u00e9criture inh\u00e9rentes \u00e0 la&nbsp;po\u00e9sie et disponibles sur notre site Internet www.cabaretwallon.be<\/p>\n<p><strong style=\"color: var( --e-global-color-text ); font-family: var( --e-global-typography-text-font-family ), Sans-serif;\">Le laur\u00e9at qui obtiendra le 1er prix se verra octroyer le Prix Michel DERACHE.<\/strong><\/p>\n<p>CATEGORIE C : MONOLOGUES<\/p>\n<p>Le monologue est une histoire plaisante, \u00e0 la fois comique et humoristique, usant de la&nbsp;fac\u00e9tie et de bons mots, cont\u00e9e en vers, divis\u00e9e en strophes ou d&rsquo;une seule venue, et qui se&nbsp;termine par une chute de nature \u00e0 susciter le rire. L\u2019\u0153uvre pr\u00e9sent\u00e9e ne pourra d\u00e9passer&nbsp;une page et demi, A4, police 12 Times new roman. Il sera \u00e9crit de pr\u00e9f\u00e9rence en&nbsp;alexandrin avec c\u00e9sure, comme le font les chansonniers sur le ponton du Cabaret Wallon.<br>Exercice difficile mais pourtant si agr\u00e9able \u00e0 l\u2019oreille.<\/p>\n<p><strong>Le laur\u00e9at qui obtiendra le 1er&nbsp;prix se verra octroyer le Prix Claude DELONVILLE.<\/strong><\/p>\n<p><span style=\"text-decoration: underline;\">Pour ces trois premi\u00e8res cat\u00e9gories, le sujet des \u0153uvres pr\u00e9sent\u00e9es est laiss\u00e9 au libre choix&nbsp;de l&rsquo;auteur. Comme l&rsquo;ann\u00e9e pass\u00e9e, il est donc \u00e0 signaler que le sujet impos\u00e9 n\u2019est plus d\u2019application dans ce&nbsp;concours Prayez.<\/span><br>Il est permis \u00e0 un concurrent de pr\u00e9senter plusieurs \u0153uvres, \u00e0 condition qu&rsquo;il garde le m\u00eame&nbsp;pseudonyme, dans chacune des trois cat\u00e9gories et d&rsquo;obtenir un prix dans chacune d&rsquo;elles.<br>Mais le cumul des prix n&rsquo;;est pas autoris\u00e9 dans une m\u00eame cat\u00e9gorie.<\/p>\n<p>&#8211;&nbsp;<strong>P R I X DU CONCOURS D\u2019ECRITURE-<\/strong> (prix octroy\u00e9s par cat\u00e9gorie&nbsp;!)<br>&#8211; Premier prix : 200,00 \u20ac<br>&#8211; Deuxi\u00e8me prix : 120,00 \u20ac<br>&#8211; Troisi\u00e8me prix : 75,00 \u20ac<\/p>\n<p>&#8211;&nbsp;<strong>P R I X &nbsp;&nbsp;S P E C I A L<\/strong>&nbsp;&#8211;<br>Un prix sp\u00e9cial \u00ab PRIX ROT\u2019LEOT&nbsp;\u00bb, d\u2019une valeur de 150 euros, sera attribu\u00e9 pour ce&nbsp;concours d\u2019\u00e9criture, \u00e0 l\u2019\u0153uvre m\u00e9ritant un prix, pr\u00e9sent\u00e9e par un jeune auteur. Celui-ci devra&nbsp;avoir moins de <strong>40 ans<\/strong> \u00e0 la date de cl\u00f4ture de remise des \u0153uvres. Il devra par ailleurs&nbsp;mentionner \u00ab&nbsp;rot\u2019leot&nbsp;\u00bb entre parenth\u00e8se \u00e0 c\u00f4t\u00e9 de son pseudonyme.<\/p>\n<p>&#8211; <strong>ANONYMAT<\/strong>&nbsp;&#8211;<br>L&rsquo;anonymat doit \u00eatre observ\u00e9 avec la plus stricte rigueur. Les \u0153uvres, sign\u00e9es simplement d&rsquo;un pseudonyme, doivent parvenir sous enveloppe anonyme pour le <span style=\"color: #ff0000;\">15 Ao\u00fbt 2025<\/span>&nbsp;au plus&nbsp;tard (date de la Poste faisant foi) \u00e0 l&rsquo;adresse suivante :<br>CONCOURS PRAYEZ, \u00e0 l&rsquo;attention de Monsieur Jonathan DELFORGE, Pr\u00e9sident du Jury du Concours Prayez, rue Saint-Martin, n\u00b0 4-6 \u00e0 7500 Tournai.<\/p>\n<p>Toutes les \u0153uvres pr\u00e9sent\u00e9es par le m\u00eame candidat, dans quelque cat\u00e9gorie que ce soit&nbsp;de la premi\u00e8re division, porteront le m\u00eame pseudonyme et \u00e9ventuellement la mention \u00a0\u00bb Rot\u2019leot \u00a0\u00bb si le candidat a moins de 40 ans&nbsp;!<br>Attention : Un candidat ne peut reprendre un de ses pseudonymes des ann\u00e9es pr\u00e9c\u00e9dentes.<\/p>\n<p>&#8211;&nbsp;<strong><span style=\"color: #ff0000;\">DIVISION II: Concours D\u2019INTERPRETATION<\/span><\/strong>&nbsp;&#8211;<\/p>\n<p>Cette division f\u00eate ses trois ans et a \u00e9t\u00e9 couronn\u00e9e de succ\u00e8s puisque, gr\u00e2ce \u00e0 elle, nous comptons deux laur\u00e9ats ayant fait leur demande d&rsquo;int\u00e9gration au sein de la Compagnie. Le but de cette division est de rep\u00e9rer le futur chansonnier qui sommeille en vous. Les candidats pourront donc cr\u00e9er une \u0153uvre dite de&nbsp;ponton. Comme la premi\u00e8re division, celle-ci est ouverte \u00e0 tout un chacun&nbsp;; les candidats ne&nbsp;doivent pas sp\u00e9cifiquement rentrer une nouvelle \u0153uvre mais bien une \u0153uvre qui leur est&nbsp;propre, sous forme de capsule vid\u00e9o ou support audio \u00e0 joindre dans une enveloppe&nbsp;ferm\u00e9e. \u00c0 l\u2019int\u00e9rieur de celle-ci seront indiqu\u00e9es les coordonn\u00e9es du candidat (nom,&nbsp;pr\u00e9nom, adresse, courriel, num\u00e9ro de t\u00e9l\u00e9phone et la date de naissance).<br>Le candidat peut donc ais\u00e9ment d\u00e9fendre une m\u00eame \u0153uvre dans les deux divisions&nbsp;distinctes. L\u2019anonymat n\u2019\u00e9tant plus de mise dans cette seconde division, l\u2019unique condition&nbsp;de recevabilit\u00e9 \u00e9tant de mettre dans une autre enveloppe, le support multim\u00e9dia.<br>Ce concours s\u2019ex\u00e9cutera en deux phases.<\/p>\n<p>1. Remise de l\u2019enveloppe ferm\u00e9e du support multim\u00e9dia (cl\u00e9 USB ou autre).&nbsp;\u00c0 l\u2019int\u00e9rieur&nbsp;de cette enveloppe (qui sera diff\u00e9rente de celle remise pour la&nbsp; premi\u00e8re division)&nbsp;seront indiqu\u00e9es les coordonn\u00e9es du candidat (nom, pr\u00e9nom, adresse, adresse&nbsp;courriel, num\u00e9ro de t\u00e9l\u00e9phone et la date de naissance). Sera \u00e9galement plac\u00e9 le texte de l\u2019\u0153uvre en mentionnant la cat\u00e9gorie de celle-ci. Si c\u2019est une chanson, le candidat&nbsp;joindra en outre la partition ainsi que les paroles originales. Afin de conserver&nbsp;l\u2019anonymat de la premi\u00e8re division, ce concours de ponton sera d\u00e9battu par la&nbsp;RCCWT apr\u00e8s la premi\u00e8re division.<\/p>\n<p>2. Si l\u2019\u0153uvre&nbsp;retient&nbsp;l\u2019attention du jury, ce dernier pourrait demander au candidat de&nbsp;l\u2019interpr\u00e9ter devant lui pour finaliser son vote.<\/p>\n<p>&#8211;&nbsp;<strong><span style=\"color: #000000;\">P R I X DU CONCOURS D\u2019INTERPRETATION<\/span><\/strong>&#8211;<\/p>\n<p>Aucun prix en esp\u00e8ce, le prix pourrait donner droit \u00e0 l\u2019acc\u00e8s en qualit\u00e9 de <strong>membre&nbsp;postulant<\/strong> de la Compagnie pour une ann\u00e9e de stage suivant la proclamation des laur\u00e9ats.<br>Cette entr\u00e9e en stage est fix\u00e9e par la Compagnie. Il faut noter que l\u2019\u00e2ge limite pour&nbsp;postuler et ainsi rentrer au sein de notre compagnie a \u00e9t\u00e9 fix\u00e9 \u00e0 65 ans.<\/p>\n<p>&#8211;&nbsp;<strong>CONSEILS et DISPOSITIONS COMMUNES AUX DEUX DIVISIONS<\/strong>&nbsp;&#8211;<br>Les candidats se doivent de respecter un devoir de r\u00e9serve et se dispenser bien entendu de&nbsp;toute vulgarit\u00e9. De m\u00eame, les r\u00e8glements de compte et les attaques personnelles ou&nbsp;id\u00e9ologiques seront rejet\u00e9s.<br>Les textes seront dactylographi\u00e9s.<br><strong>Les auteurs indiqueront, sur chacune de leurs \u0153uvres, la division et la cat\u00e9gorie dans&nbsp;laquelle ils se pr\u00e9sentent (chanson, po\u00e8me ou monologue).<\/strong><br>Les Compagnons, anciens ou actuels, du Cabaret Wallon ainsi que les aspirants en p\u00e9riode&nbsp;de stage ne peuvent pas participer au Concours.<\/p>\n<p>Les candidats qui s\u2019inspireront d\u2019une \u0153uvre d\u00e9j\u00e0 existante devront indiquer leur source sous&nbsp;peine de nullit\u00e9.<br>Les \u0153uvres pr\u00e9sent\u00e9es au Concours restent la propri\u00e9t\u00e9 de leurs auteurs. N\u00e9anmoins,&nbsp;ceux-ci autorisent express\u00e9ment la RCCWT \u00e0 les utiliser librement soit en les interpr\u00e9tant en&nbsp;public, soit en les publiant sous forme d\u2019\u00e9crits ou en les enregistrant sur supports audios ou&nbsp;vid\u00e9os.&nbsp; &nbsp; &nbsp; &nbsp; &nbsp; &nbsp; &nbsp; &nbsp; &nbsp; &nbsp;La participation au Concours implique automatiquement l\u2019acceptation de cette clause&nbsp;comme de toutes les autres.<br>Le r\u00e8glement complet peut bien \u00e9videmment \u00eatre consult\u00e9 sur notre site www.cabaretwallon.be ainsi que sur notre page Facebook.<\/p>\n<p>&#8211;&nbsp;<strong>JURY<\/strong>&nbsp;&#8211;<br>Pr\u00e9sid\u00e9 par Jonathan DELFORGE, il est&nbsp;compos\u00e9 de plusieurs chansonniers et d\u2019un membre ext\u00e9rieur, Bruno Delmotte, qui anime&nbsp;l\u2019atelier de langue et culture r\u00e9gionale, \u00e0 la Maison de la Culture de Tournai.<\/p>\n<p>&#8211;&nbsp;<strong>RESULTATS&nbsp;<\/strong>&#8211;<br>Apr\u00e8s en avoir d\u00e9lib\u00e9r\u00e9, le \u00ab&nbsp;Jury&nbsp;\u00bb proclamera les r\u00e9sultats le 28 AOUT \u00e0 19H, et ce de&nbsp;mani\u00e8re publique dans son local, sis 4-6, Rue Saint-Martin \u00e0 Tournai. Les participants sont&nbsp;donc bien entendu convi\u00e9s. Cela permettra de lever l\u2019anonymat des participants jusque-l\u00e0&nbsp;indispensable \u00e0 la tenue du concours. En outre, les membres du \u00ab&nbsp;Jury&nbsp;\u00bb resteront bien&nbsp;\u00e9videmment \u00e0 la disposition des candidats pour leur fournir conseils, analyses et&nbsp;commentaires divers.<br>Tout laur\u00e9at d&rsquo;un \u00ab&nbsp;Premier prix&nbsp;\u00bb sera invit\u00e9 \u00e0 interpr\u00e9ter lui-m\u00eame son \u0153uvre lors de la&nbsp;remise des prix officielle* et sera obligatoirement accompagn\u00e9 par le pianiste de la Royale&nbsp;Compagnie. Dans le cas contraire, un chansonnier de la Compagnie d\u00e9fendra l&rsquo;\u0153uvre&nbsp;prim\u00e9e.<br>Dans chaque division, le \u00ab&nbsp;Jury&nbsp;\u00bb du Concours se r\u00e9serve le droit de n&rsquo;attribuer les prix&nbsp;pr\u00e9vus que si les \u0153uvres qui lui sont soumises sont suffisamment m\u00e9ritantes.<br>Tout cas non pr\u00e9vu par le pr\u00e9sent r\u00e8glement sera tranch\u00e9 par le \u00ab&nbsp;Jury&nbsp;\u00bb dont les d\u00e9cisions&nbsp;sont sans appel et auxquelles les concurrents s&rsquo;engagent \u00e0 se soumettre par le seul fait de&nbsp;leur participation au pr\u00e9sent Concours.<\/p>\n<p>&#8211;&nbsp;<span style=\"color: #ff0000;\">*<\/span> <strong>REMISE DES PRIX&nbsp;<\/strong>&#8211;<br>Tous les participants (prim\u00e9s ou non) sont invit\u00e9s \u00e0 la \u00a0\u00bb F\u00eate de la Chanson Tournaisienne et&nbsp;du Cabaret Wallon \u00ab\u00a0, qui a lieu chaque ann\u00e9e, en septembre, le dimanche qui suit celui de la&nbsp;Procession, au Salon de la Reine de l\u2019H\u00f4tel de Ville.<br>Cette ann\u00e9e, ce sera le dimanche <span style=\"color: #ff0000;\">21 septembre 2025&nbsp;<\/span>&nbsp;\u00e0 10 h.<\/p>\n<p>&#8211;&nbsp;<strong>RENSEIGNEMENTS \u2013 CONTACT&nbsp;\u2013<\/strong><br>Le Pr\u00e9sident du Cabaret Wallon, Pierre VANDEN BROECKE, se tient \u00e0 la disposition des candidats pour tout&nbsp;conseil d\u2019\u00e9criture. L\u2019anonymat \u00e9tant de mise, ce dernier ne fera donc pas partie du jury.<br>Vous pouvez le contacter \u00e0 l\u2019adresse courriel suivante&nbsp;: pierre.vandenbroecke@skynet.be<\/p>\n<p>&nbsp;<strong>Le Pr\u00e9sident du Jury du Concours Prayez,<\/strong> Jonathan DELFORGE<\/p>\n<p style=\"text-align: left;\">Tournai, le 15 mai 2025.<\/p>\n<p style=\"margin: 6pt 0cm; text-align: left;\" align=\"center\"><span style=\"color: red; font-family: Arial, sans-serif; font-size: 12pt; text-align: center; font-weight: var( --e-global-typography-text-font-weight );\">&nbsp;<\/span><\/p>\t\t\t\t\t\t\t\t<\/div>\n\t\t\t\t<\/div>\n\t\t\t\t\t<\/div>\n\t\t<\/div>\n\t\t\t\t\t<\/div>\n\t\t<\/section>\n\t\t\t\t<\/div>\n\t\t","protected":false},"excerpt":{"rendered":"<p>&nbsp; La Royale Compagnie du Cabaret Wallon Tournaisien organise, du 15 mai au 15 Ao\u00fbt 2025, le&nbsp;93 \u00e8me &nbsp;Concours Adolphe PRAYEZ.Cette session sera d\u00e9di\u00e9e \u00e0 Eug\u00e8ne LANDRIEU _________________________________________________________________________ ____________________________________ &#8211;&nbsp;REGLEMENT&nbsp;&#8211;Pour honorer le souvenir d&rsquo;un de ses plus illustres fondateurs, la Royale Compagnie du Cabaret Wallon Tournaisien organise, depuis 1927(*) un concours annuel de litt\u00e9rature patoisante&hellip; <br \/> <a class=\"read-more\" href=\"https:\/\/cabaretwallon.be\/index.php\/reglement-concours-prayez-2\/\">Read more<\/a><\/p>\n","protected":false},"author":1,"featured_media":0,"parent":0,"menu_order":0,"comment_status":"closed","ping_status":"closed","template":"","meta":{"_bbp_topic_count":0,"_bbp_reply_count":0,"_bbp_total_topic_count":0,"_bbp_total_reply_count":0,"_bbp_voice_count":0,"_bbp_anonymous_reply_count":0,"_bbp_topic_count_hidden":0,"_bbp_reply_count_hidden":0,"_bbp_forum_subforum_count":0,"footnotes":""},"class_list":["post-722","page","type-page","status-publish","hentry"],"_links":{"self":[{"href":"https:\/\/cabaretwallon.be\/index.php\/wp-json\/wp\/v2\/pages\/722","targetHints":{"allow":["GET"]}}],"collection":[{"href":"https:\/\/cabaretwallon.be\/index.php\/wp-json\/wp\/v2\/pages"}],"about":[{"href":"https:\/\/cabaretwallon.be\/index.php\/wp-json\/wp\/v2\/types\/page"}],"author":[{"embeddable":true,"href":"https:\/\/cabaretwallon.be\/index.php\/wp-json\/wp\/v2\/users\/1"}],"replies":[{"embeddable":true,"href":"https:\/\/cabaretwallon.be\/index.php\/wp-json\/wp\/v2\/comments?post=722"}],"version-history":[{"count":20,"href":"https:\/\/cabaretwallon.be\/index.php\/wp-json\/wp\/v2\/pages\/722\/revisions"}],"predecessor-version":[{"id":1137,"href":"https:\/\/cabaretwallon.be\/index.php\/wp-json\/wp\/v2\/pages\/722\/revisions\/1137"}],"wp:attachment":[{"href":"https:\/\/cabaretwallon.be\/index.php\/wp-json\/wp\/v2\/media?parent=722"}],"curies":[{"name":"wp","href":"https:\/\/api.w.org\/{rel}","templated":true}]}}